{"id":202,"date":"2024-01-20T19:39:19","date_gmt":"2024-01-20T19:39:19","guid":{"rendered":"https:\/\/xn--kfz-schtte-geb.de\/?page_id=202"},"modified":"2024-04-29T09:25:22","modified_gmt":"2024-04-29T09:25:22","slug":"impressum","status":"publish","type":"page","link":"https:\/\/xn--kfz-schtte-geb.de\/?page_id=202","title":{"rendered":"Impressum"},"content":{"rendered":"\n<p class=\"has-white-background-color has-background\">Sch\u00fctte KFZ GmbH<br>B\u00fcrener Str.30<br>33181 Bad W\u00fcnnenberg<br>Deutschland<br><br>Tel.: +4929571096<br>E-Mail: info@schuette-kfz-gmbh.de<br><br>Registergericht: Paderborn<br>Registernummer: HRB17036<br><br>Gesch\u00e4ftsf\u00fchrer: Bj\u00f6rn Brackhaus, David Unterberg<br><br>Plattform der EU-Kommission zur Online-Streitbeilegung: <a href=\"https:\/\/ec.europa.eu\/odr\" target=\"_blank\" rel=\"noreferrer noopener\">https:\/\/ec.europa.eu\/odr<\/a><br><br>Wir sind zur Teilnahme an einem Streitbeilegungsverfahren vor einer Verbraucherschlichtungsstelle weder verpflichtet noch bereit.<\/p>\n","protected":false},"excerpt":{"rendered":"<p>Sch\u00fctte KFZ GmbHB\u00fcrener Str.3033181 Bad W\u00fcnnenbergDeutschland Tel.: +4929571096E-Mail: info@schuette-kfz-gmbh.de Registergericht: PaderbornRegisternummer: HRB17036 Gesch\u00e4ftsf\u00fchrer: Bj\u00f6rn Brackhaus, David Unterberg Plattform der EU-Kommission zur Online-Streitbeilegung: https:\/\/ec.europa.eu\/odr Wir sind zur Teilnahme an einem Streitbeilegungsverfahren vor einer Verbraucherschlichtungsstelle weder verpflichtet noch bereit.<\/p>\n","protected":false},"author":1,"featured_media":0,"parent":0,"menu_order":0,"comment_status":"closed","ping_status":"closed","template":"","meta":{"footnotes":""},"class_list":["post-202","page","type-page","status-publish","hentry"],"_links":{"self":[{"href":"https:\/\/xn--kfz-schtte-geb.de\/index.php?rest_route=\/wp\/v2\/pages\/202","targetHints":{"allow":["GET"]}}],"collection":[{"href":"https:\/\/xn--kfz-schtte-geb.de\/index.php?rest_route=\/wp\/v2\/pages"}],"about":[{"href":"https:\/\/xn--kfz-schtte-geb.de\/index.php?rest_route=\/wp\/v2\/types\/page"}],"author":[{"embeddable":true,"href":"https:\/\/xn--kfz-schtte-geb.de\/index.php?rest_route=\/wp\/v2\/users\/1"}],"replies":[{"embeddable":true,"href":"https:\/\/xn--kfz-schtte-geb.de\/index.php?rest_route=%2Fwp%2Fv2%2Fcomments&post=202"}],"version-history":[{"count":3,"href":"https:\/\/xn--kfz-schtte-geb.de\/index.php?rest_route=\/wp\/v2\/pages\/202\/revisions"}],"predecessor-version":[{"id":256,"href":"https:\/\/xn--kfz-schtte-geb.de\/index.php?rest_route=\/wp\/v2\/pages\/202\/revisions\/256"}],"wp:attachment":[{"href":"https:\/\/xn--kfz-schtte-geb.de\/index.php?rest_route=%2Fwp%2Fv2%2Fmedia&parent=202"}],"curies":[{"name":"wp","href":"https:\/\/api.w.org\/{rel}","templated":true}]}}