{"id":7,"date":"2024-01-19T20:25:57","date_gmt":"2024-01-19T20:25:57","guid":{"rendered":"https:\/\/xn--kfz-schtte-geb.de\/?page_id=7"},"modified":"2024-10-22T13:33:37","modified_gmt":"2024-10-22T13:33:37","slug":"highlight-pro","status":"publish","type":"page","link":"https:\/\/xn--kfz-schtte-geb.de\/","title":{"rendered":"Front Page"},"content":{"rendered":"<div  data-label=\"Info\" data-id=\"about--1\" data-export-id=\"about-5\" data-category=\"about\" class=\"about-5 content-section content-section-spacing\" id=\"info\" style=\"background-color: rgb(255, 255, 255);\"><div  class=\"gridContainer\"> <div  class=\"row middle-sm text-center\"><div  class=\"col-sm-6 space-bottom-xs\" data-type=\"column\">    <h2  class=\"\">Info<\/h2><h4  class=\"\">\u00dcber uns<\/h4><p  class=\"\">Unsere Werkstatt steht f\u00fcr Kompetenz, Pers\u00f6nlichkeit und Vertrauen. Als fairer Partner ist jederzeit auf uns Verlass. Reparaturen werden bei uns mit Ersatzteilen in Erstausr\u00fcsterqualit\u00e4t durchgef\u00fchrt. Pers\u00f6nliche Beratung steht bei uns ganz oben. Unsere Werkstatt geht auf Ihre individuellen W\u00fcnsche ein. Schlie\u00dflich kennen wir Ihre Automarke und reparieren sie in Profiqualit\u00e4t. Verlassen Sie sich drauf.<\/p><\/div> <div  class=\"col-sm-6 flexbox image-group-right-2 around-xs top-xs space-bottom-xs\"><div  class=\"left-el\"> <img  decoding=\"async\" class=\"shadow-large\" data-size=\"300x430\" src=\"https:\/\/xn--kfz-schtte-geb.de\/wp-content\/uploads\/2024\/01\/cropped-63c3528f-9587-44fe-b9b9-9cf5f3725a1e.jpg\" title=\"cropped-63c3528f-9587-44fe-b9b9-9cf5f3725a1e.jpg\" alt=\"\"><\/div> <div  class=\"right-el\"> <img  decoding=\"async\" class=\"shadow-large\" data-size=\"300x430\" src=\"https:\/\/xn--kfz-schtte-geb.de\/wp-content\/uploads\/2024\/01\/cropped-08b19ac6-50ab-48ab-9458-69286d5c468b-1.jpg\" title=\"cropped-08b19ac6-50ab-48ab-9458-69286d5c468b-1.jpg\" alt=\"\"><\/div> <div  class=\"center-overlay inner-shadow border-large\"><\/div><\/div> <\/div><\/div> <\/div><div  data-label=\"Leistungen\" data-id=\"features--1\" data-export-id=\"features-13\" data-category=\"features\" class=\"features-13 content-section content-section-spacing white-text\" id=\"leistungen\" style=\"background-color: rgb(0, 0, 0); background-image: none;\"><div  class=\"gridContainer\"> <div  class=\"row text-center\"><div  class=\"section-title-col\" data-type=\"column\"> <h2  class=\"\">Werkstattleistungen<\/h2> <\/div> <\/div> <div  class=\"row spaced-cols content-center-sm center-sm\" data-type=\"row\"> <div  class=\"col col-sm-6 space-bottom col-md-3\"> <i  class=\"fa icon fa-automobile bordered round big color2\"><\/i> <h4  class=\"\">Achsvermessung<\/h4>  <\/div>    <div  class=\"col col-sm-6 space-bottom col-md-3\"> <i  class=\"fa icon fa-automobile bordered round big color1\"><\/i> <h4  class=\"\">Anh\u00e4nger<\/h4>  <\/div><div  class=\"col col-sm-6 space-bottom col-md-3\"> <i  class=\"fa icon fa-automobile bordered round big color2\"><\/i> <h4  class=\"\">Anh\u00e4ngerkupplung<\/h4>  <\/div><div  class=\"col col-sm-6 space-bottom col-md-3\"> <i  class=\"fa icon fa-automobile bordered round big color1\"><\/i> <h4  class=\"\">Batterie-Service<\/h4>  <\/div><div  class=\"col col-sm-6 space-bottom col-md-3\"> <i  class=\"fa icon fa-automobile bordered round big color1\"><\/i> <h4  class=\"\">Klima-Service<\/h4>  <\/div><div  class=\"col col-sm-6 space-bottom col-md-3\"> <i  class=\"fa icon fa-automobile bordered round big color1\"><\/i> <h4  class=\"\">Karosserie<\/h4>  <\/div><div  class=\"col col-sm-6 space-bottom col-md-3\"> <i  class=\"fa icon fa-automobile bordered round big color2\"><\/i> <h4  class=\"\">Winter-Service<\/h4>  <\/div><div  class=\"col col-sm-6 space-bottom col-md-3\"> <i  class=\"fa icon fa-automobile bordered round big color2\"><\/i> <h4  class=\"\">\u00d6lwechsel<\/h4>  <\/div><div  class=\"col col-sm-6 space-bottom col-md-3\"> <i  class=\"fa icon fa-automobile bordered round big color2\"><\/i> <h4  class=\"\">Zahnriemen<\/h4>  <\/div><div  class=\"col col-sm-6 space-bottom col-md-3\"> <i  class=\"fa icon fa-automobile bordered round big color2\"><\/i> <h4  class=\"\">Sto\u00dfd\u00e4mpfer<\/h4>  <\/div><div  class=\"col col-sm-6 space-bottom col-md-3\"> <i  class=\"fa icon fa-automobile bordered round big color2\"><\/i> <h4  class=\"\">HU \/ AU<\/h4>  <\/div><div  class=\"col col-sm-6 space-bottom col-md-3\"> <i  class=\"fa icon fa-automobile bordered round big color2\"><\/i> <h4  class=\"\">Motorinstandsetzung<\/h4>  <\/div><\/div><\/div> <\/div><div  data-label=\"Team\" data-id=\"team--1\" data-export-id=\"team-2\" data-category=\"team\" class=\"team-2 content-section content-section-spacing\" id=\"team-1\" style=\"background-color: rgb(255, 255, 255);\"><div  class=\"gridContainer\"> <div  class=\"row text-center\"><div  class=\"section-title-col\" data-type=\"column\"> <h2  class=\"\">Unser Team<\/h2> <\/div> <\/div> <div  class=\"row spaced-cols content-center-sm\" data-type=\"row\">  <div  class=\"col-sm-6 col-md-3\"> <div  class=\"card y-move no-padding bordered\"> <a data-cp-link=\"1\" href=\"#\" target=\"_self\" rel=\"noopener\"><img  decoding=\"async\" class=\"face\" src=\"https:\/\/xn--kfz-schtte-geb.de\/wp-content\/uploads\/2024\/01\/cropped-cropped-autofit-partner-logo-300x200-1.png\"><\/a> <div  data-type=\"column\" class=\"col-padding-small col-padding-small-xs description-container\"> <h4  class=\"font-500\">David Unterberg<\/h4> <p  class=\"small\" style=\"font-style: italic;\">Gesch\u00e4ftsf\u00fchrer \/ KFZ Meister<\/p> <div  class=\"social-icons-group\" data-type=\"group\"> <a href=\"#\" target=\"_self\" data-reiki-hidden=\"true\" rel=\"noopener\"><i  class=\"fa icon fa-facebook-square gray\"><\/i><\/a> <a href=\"#\" target=\"_self\" data-reiki-hidden=\"true\" rel=\"noopener\"><i  class=\"fa icon fa-twitter-square gray\"><\/i><\/a> <a href=\"#\" target=\"_self\" data-reiki-hidden=\"true\" rel=\"noopener\"><i  class=\"fa icon fa-linkedin-square gray\"><\/i><\/a> <a href=\"#\" target=\"_self\" data-reiki-hidden=\"true\" rel=\"noopener\"><i  class=\"fa icon fa-google-plus-square gray\"><\/i><\/a><\/div> <\/div><\/div> <\/div>      <div  class=\"col-sm-6 col-md-3\"> <div  class=\"card y-move no-padding bordered\"> <a data-cp-link=\"1\" href=\"#\" target=\"_self\" rel=\"noopener\"><img  decoding=\"async\" class=\"face\" src=\"https:\/\/xn--kfz-schtte-geb.de\/wp-content\/uploads\/2024\/01\/cropped-cropped-autofit-partner-logo-300x200-1.png\"><\/a> <div  data-type=\"column\" class=\"col-padding-small col-padding-small-xs description-container\"> <h4  class=\"font-500\">Bj\u00f6rn Brackhaus<\/h4> <p  class=\"small\" style=\"font-style: italic;\">Gesch\u00e4ftsf\u00fchrer<\/p> <div  class=\"social-icons-group\" data-type=\"group\"> <a href=\"#\" target=\"_self\" data-reiki-hidden=\"true\" rel=\"noopener\"><i  class=\"fa icon fa-facebook-square gray\"><\/i><\/a> <a href=\"#\" target=\"_self\" data-reiki-hidden=\"true\" rel=\"noopener\"><i  class=\"fa icon fa-twitter-square gray\"><\/i><\/a> <a href=\"#\" target=\"_self\" data-reiki-hidden=\"true\" rel=\"noopener\"><i  class=\"fa icon fa-linkedin-square gray\"><\/i><\/a> <a href=\"#\" target=\"_self\" data-reiki-hidden=\"true\" rel=\"noopener\"><i  class=\"fa icon fa-google-plus-square gray\"><\/i><\/a><\/div> <\/div><\/div> <\/div><div  class=\"col-sm-6 col-md-3\"> <div  class=\"card y-move no-padding bordered\"> <a data-cp-link=\"1\" href=\"#\" target=\"_self\" rel=\"noopener\"><img  decoding=\"async\" class=\"face\" src=\"https:\/\/xn--kfz-schtte-geb.de\/wp-content\/uploads\/2024\/01\/cropped-cropped-autofit-partner-logo-300x200-1.png\"><\/a> <div  data-type=\"column\" class=\"col-padding-small col-padding-small-xs description-container\"> <h4  class=\"font-500\">Yvonne Thielemeyer<\/h4> <p  class=\"small\" style=\"font-style: italic;\">Buchhaltung<\/p> <div  class=\"social-icons-group\" data-type=\"group\"> <a href=\"#\" target=\"_self\" data-reiki-hidden=\"true\" rel=\"noopener\"><i  class=\"fa icon fa-facebook-square gray\"><\/i><\/a> <a href=\"#\" target=\"_self\" data-reiki-hidden=\"true\" rel=\"noopener\"><i  class=\"fa icon fa-twitter-square gray\"><\/i><\/a> <a href=\"#\" target=\"_self\" data-reiki-hidden=\"true\" rel=\"noopener\"><i  class=\"fa icon fa-linkedin-square gray\"><\/i><\/a> <a href=\"#\" target=\"_self\" data-reiki-hidden=\"true\" rel=\"noopener\"><i  class=\"fa icon fa-google-plus-square gray\"><\/i><\/a><\/div> <\/div><\/div> <\/div><div  class=\"col-sm-6 col-md-3\"> <div  class=\"card y-move no-padding bordered\"> <a data-cp-link=\"1\" href=\"#\" target=\"_self\" rel=\"noopener\"><img  decoding=\"async\" class=\"face\" src=\"https:\/\/xn--kfz-schtte-geb.de\/wp-content\/uploads\/2024\/01\/cropped-cropped-autofit-partner-logo-300x200-1.png\"><\/a> <div  data-type=\"column\" class=\"col-padding-small col-padding-small-xs description-container\"> <h4  class=\"font-500\">Sarah Brackhaus<\/h4> <p  class=\"small\" style=\"font-style: italic;\">Buchhaltung<\/p> <div  class=\"social-icons-group\" data-type=\"group\"> <a href=\"#\" target=\"_self\" data-reiki-hidden=\"true\" rel=\"noopener\"><i  class=\"fa icon fa-facebook-square gray\"><\/i><\/a> <a href=\"#\" target=\"_self\" data-reiki-hidden=\"true\" rel=\"noopener\"><i  class=\"fa icon fa-twitter-square gray\"><\/i><\/a> <a href=\"#\" target=\"_self\" data-reiki-hidden=\"true\" rel=\"noopener\"><i  class=\"fa icon fa-linkedin-square gray\"><\/i><\/a> <a href=\"#\" target=\"_self\" data-reiki-hidden=\"true\" rel=\"noopener\"><i  class=\"fa icon fa-google-plus-square gray\"><\/i><\/a><\/div> <\/div><\/div> <\/div><\/div> <\/div><\/div><div  data-label=\"Anfahrt\" data-id=\"contact--4\" data-export-id=\"contact-6\" data-category=\"contact\" class=\"contact-5 content-section content-section-spacing white-text\" id=\"anfahrt\" style=\"background-color: rgb(0, 0, 0); background-image: none;\" data-section-ov=\"1\"><div  class=\"gridContainer\"> <div  class=\"row text-center\"><div  class=\"section-title-col\" data-type=\"column\"> <h2  class=\"\">Anfahrt<\/h2> <\/div> <\/div> <div  class=\"row middle-sm\"> <div  class=\"col-xs-12 col-sm-6 image-holder space-bottom-xs\"> <div  data-content-shortcode=\"mesmerize_maps address=&quot;33181 Bad W\u00fcnnenberg B\u00fcrenerstr.30&quot; zoom=&quot;65&quot;\" data-editable=\"true\" class=\"shadow-medium\">        <div class=\"mesmerize-google-maps\" style=\"width:100%\">\n            <iframe style=\"width:100%; height:100%;min-height:inherit;display:block;\" src=\"https:\/\/maps.google.com\/maps?q=33181%20Bad%20W\u00fcnnenberg%20B\u00fcrenerstr.30&#038;z=14&#038;output=embed&#038;iwloc=near\"><\/iframe>\n        <\/div>\n    <\/div><\/div> <div  class=\"col-xs-12 col-sm-6\"><div  class=\"row middle-sm\"> <div  data-type=\"column\" class=\"col-xs-12 space-bottom-small\"><\/div> <\/div> <div  class=\"row middle-sm\" data-type=\"row\"> <div  class=\"col-xs-12 space-bottom-small\"> <div  class=\"row\"> <div  data-type=\"column\" class=\"col-xs-12 col-sm-fit label-col\"> <h5  class=\"\">Stra\u00dfe:<\/h5><\/div> <div  data-type=\"column\" class=\"col-xs-12 col-sm\"><p  class=\"\">B\u00fcrener Str.30<\/p><\/div> <\/div><\/div> <div  class=\"col-xs-12 space-bottom-small\"> <div  class=\"row\"> <div  data-type=\"column\" class=\"col-xs-12 col-sm-fit label-col\"> <h5  class=\"\">Stadt:<\/h5><\/div> <div  data-type=\"column\" class=\"col-xs-12 col-sm\"><p  class=\"\">Bad W\u00fcnnenberg<\/p><\/div> <\/div><\/div><div  class=\"col-xs-12 space-bottom-small\"> <div  class=\"row\"> <div  data-type=\"column\" class=\"col-xs-12 col-sm-fit label-col\"> <h5  class=\"\">Plz:<\/h5><\/div> <div  data-type=\"column\" class=\"col-xs-12 col-sm\"><p  class=\"\">33181<\/p><\/div> <\/div><\/div><div  class=\"col-xs-12 space-bottom-small\"><div  class=\"row\"> <div  data-type=\"column\" class=\"col-xs-12 col-sm-fit label-col\"><h5  class=\"\">Tel:<\/h5><\/div> <div  data-type=\"column\" class=\"col-xs-12 col-sm\"><p  class=\"\">02957 \/ 1096<\/p><\/div> <\/div><\/div> <div  class=\"col-xs-12 space-bottom-small\"> <div  class=\"row\"> <div  data-type=\"column\" class=\"col-xs-12 col-sm-fit label-col\"> <h5  class=\"\">Fax:<\/h5><\/div> <div  data-type=\"column\" class=\"col-xs-12 col-sm\"><p  class=\"\">02957 \/ 1560<\/p><\/div> <\/div><\/div><div  class=\"col-xs-12 space-bottom-small\"><div  class=\"row\"> <div  data-type=\"column\" class=\"col-xs-12 col-sm-fit label-col\"><h5  class=\"\">Email:<\/h5><\/div> <div  data-type=\"column\" class=\"col-xs-12 col-sm\"><a href=\"mailto:info@schuette-kfz-gmbh.de\" class=\"\" target=\"_self\" data-cp-link=\"1\" rel=\"noopener\">info@schuette-kfz-gmbh.de<\/a><\/div> <\/div><\/div> <div  class=\"col-xs-12 space-bottom-small\"> <div  class=\"row\"> <div  data-type=\"column\" class=\"col-xs-12 col-sm-fit label-col\"> <h5  class=\"\">\u00d6ffnungszeiten:<\/h5><\/div> <div  data-type=\"column\" class=\"col-xs-12 col-sm\"><p  class=\"\">Mo. \u2013 Fr. : 8:00 Uhr \u2013 17:00 Uhr<\/p><\/div> <\/div><\/div><div  class=\"col-xs-12 space-bottom-small\"> <div  class=\"row\"> <div  data-type=\"column\" class=\"col-xs-12 col-sm-fit label-col\"> <h5  class=\"\">Chat:<\/h5><\/div> <div  data-type=\"column\" class=\"col-xs-12 col-sm\"><a class=\"link\" href=\"https:\/\/wa.me\/4915154950705\" target=\"_self\" data-cp-link=\"1\" rel=\"noopener\">Whatsapp<\/a><\/div> <\/div><\/div><\/div> <\/div><\/div> <\/div><\/div><div  data-label=\"Kontakt\" data-id=\"contact--3\" data-export-id=\"contact-1-mc\" data-category=\"contact\" class=\"contact-1-mc content-section content-section-spacing section-title-col-dark-text\" data-parallax-depth=\"20\" id=\"kontakt\" style=\"background-color: rgb(255, 255, 255); background-image: none;\" data-section-ov=\"1\"><div  class=\"gridContainer\"> <div  class=\"row text-center\"><div  class=\"section-title-col\" data-type=\"column\">   <h2  class=\"\">Kontakt<\/h2><\/div> <\/div> <div  class=\"row text-center\"> <div  class=\"col-xs-12 col-sm-8 col-sm-offset-2 contact-form-wrapper\"> <div  class=\"card large-padding\"> <div  class=\"\" data-content-shortcode=\"mesmerize_contact_form shortcode=&quot;contact-form-7 id=&amp;amp;quot;d3a805a&amp;amp;quot; title=&amp;amp;quot;Kontakt&amp;amp;quot;&quot;\" data-editable=\"true\">\n<div class=\"wpcf7 no-js\" id=\"wpcf7-f88-o1\" lang=\"de-DE\" dir=\"ltr\" data-wpcf7-id=\"88\">\n<div class=\"screen-reader-response\"><p role=\"status\" aria-live=\"polite\" aria-atomic=\"true\"><\/p> <ul><\/ul><\/div>\n<form action=\"\/index.php?rest_route=%2Fwp%2Fv2%2Fpages%2F7#wpcf7-f88-o1\" method=\"post\" class=\"wpcf7-form init\" aria-label=\"Kontaktformular\" novalidate=\"novalidate\" data-status=\"init\">\n<fieldset class=\"hidden-fields-container\"><input type=\"hidden\" name=\"_wpcf7\" value=\"88\" \/><input type=\"hidden\" name=\"_wpcf7_version\" value=\"6.1.5\" \/><input type=\"hidden\" name=\"_wpcf7_locale\" value=\"de_DE\" \/><input type=\"hidden\" name=\"_wpcf7_unit_tag\" value=\"wpcf7-f88-o1\" \/><input type=\"hidden\" name=\"_wpcf7_container_post\" value=\"0\" \/><input type=\"hidden\" name=\"_wpcf7_posted_data_hash\" value=\"\" \/>\n<\/fieldset>\n<link rel=\"stylesheet\" href=\"https:\/\/xn--kfz-schtte-geb.de\/wp-content\/plugins\/pdf-forms-for-contact-form-7\/css\/frontend.css\" \/><script type=\"text\/javascript\" src=\"https:\/\/xn--kfz-schtte-geb.de\/wp-content\/plugins\/pdf-forms-for-contact-form-7\/js\/frontend.js?ver=2.2.6\"><\/script><p><label> Name<br \/>\n<span class=\"wpcf7-form-control-wrap\" data-name=\"your-name\"><input size=\"40\" maxlength=\"400\" class=\"wpcf7-form-control wpcf7-text wpcf7-validates-as-required\" autocomplete=\"name\" aria-required=\"true\" aria-invalid=\"false\" value=\"\" type=\"text\" name=\"your-name\" \/><\/span> <\/label>\n<\/p>\n<p><label> E-Mail-Adresse<br \/>\n<span class=\"wpcf7-form-control-wrap\" data-name=\"your-email\"><input size=\"40\" maxlength=\"400\" class=\"wpcf7-form-control wpcf7-email wpcf7-validates-as-required wpcf7-text wpcf7-validates-as-email\" autocomplete=\"email\" aria-required=\"true\" aria-invalid=\"false\" value=\"\" type=\"email\" name=\"your-email\" \/><\/span> <\/label>\n<\/p>\n<p><label> Betreff<br \/>\n<span class=\"wpcf7-form-control-wrap\" data-name=\"your-subject\"><input size=\"40\" maxlength=\"400\" class=\"wpcf7-form-control wpcf7-text wpcf7-validates-as-required\" aria-required=\"true\" aria-invalid=\"false\" value=\"\" type=\"text\" name=\"your-subject\" \/><\/span> <\/label>\n<\/p>\n<p><label> Deine Nachricht (optional)<br \/>\n<span class=\"wpcf7-form-control-wrap\" data-name=\"your-message\"><textarea cols=\"40\" rows=\"10\" maxlength=\"2000\" class=\"wpcf7-form-control wpcf7-textarea\" aria-invalid=\"false\" name=\"your-message\"><\/textarea><\/span> <\/label>\n<\/p>\n<p><input class=\"wpcf7-form-control wpcf7-submit has-spinner\" type=\"submit\" value=\"Senden\" \/>\n<\/p><div class=\"wpcf7-response-output\" aria-hidden=\"true\"><\/div>\n<\/form>\n<\/div>\n<\/div><\/div> <\/div><\/div> <\/div><\/div>","protected":false},"excerpt":{"rendered":"<p>Info\u00dcber unsUnsere Werkstatt steht f\u00fcr Kompetenz, Pers\u00f6nlichkeit und Vertrauen. Als fairer Partner ist jederzeit auf uns Verlass. Reparaturen werden bei uns mit Ersatzteilen in Erstausr\u00fcsterqualit\u00e4t durchgef\u00fchrt. Pers\u00f6nliche Beratung steht bei uns ganz oben. Unsere Werkstatt geht auf Ihre individuellen W\u00fcnsche ein. Schlie\u00dflich kennen wir Ihre Automarke und reparieren sie in Profiqualit\u00e4t. Verlassen Sie sich drauf.&hellip; <br \/> <a class=\"read-more\" href=\"https:\/\/xn--kfz-schtte-geb.de\/\">Read more<\/a><\/p>\n","protected":false},"author":1,"featured_media":0,"parent":0,"menu_order":0,"comment_status":"closed","ping_status":"closed","template":"page-templates\/homepage.php","meta":{"footnotes":""},"class_list":["post-7","page","type-page","status-publish","hentry"],"_links":{"self":[{"href":"https:\/\/xn--kfz-schtte-geb.de\/index.php?rest_route=\/wp\/v2\/pages\/7","targetHints":{"allow":["GET"]}}],"collection":[{"href":"https:\/\/xn--kfz-schtte-geb.de\/index.php?rest_route=\/wp\/v2\/pages"}],"about":[{"href":"https:\/\/xn--kfz-schtte-geb.de\/index.php?rest_route=\/wp\/v2\/types\/page"}],"author":[{"embeddable":true,"href":"https:\/\/xn--kfz-schtte-geb.de\/index.php?rest_route=\/wp\/v2\/users\/1"}],"replies":[{"embeddable":true,"href":"https:\/\/xn--kfz-schtte-geb.de\/index.php?rest_route=%2Fwp%2Fv2%2Fcomments&post=7"}],"version-history":[{"count":69,"href":"https:\/\/xn--kfz-schtte-geb.de\/index.php?rest_route=\/wp\/v2\/pages\/7\/revisions"}],"predecessor-version":[{"id":259,"href":"https:\/\/xn--kfz-schtte-geb.de\/index.php?rest_route=\/wp\/v2\/pages\/7\/revisions\/259"}],"wp:attachment":[{"href":"https:\/\/xn--kfz-schtte-geb.de\/index.php?rest_route=%2Fwp%2Fv2%2Fmedia&parent=7"}],"curies":[{"name":"wp","href":"https:\/\/api.w.org\/{rel}","templated":true}]}}